e of -r**2 - r - 1. Give x(d).
3
Let k(o) = 7*o. Let b(a) be the first derivative of a**2 + 14*a - 7. Let q be b(-6). What is k(q)?
14
Let u(n) = 3*n + 4*n - 20 + 4 + n**2. Let p be u(-9). Let h(v) = 3 + p - 4 - 5 - 3*v. Determine h(-3).
5
Let s(d) = -36*d + 4 - 3 - 2 + 19*d. Calculate s(1).
-18
Let g(o) = -o**2 + 10*o + 18. Let q(k) = -2*k**2 + 11*k + 19. Let a(h) = -3*g(h) + 2*q(h). Determine a(-5).
-1
Let b(m) = 13 - 41 - m**2 - 3*m + 14 + 7*m + 17. Suppose -2*o = -l - 4*l - 30, -o + 2*l + 13 = 0. Give b(o).
-2
Suppose 0 = -2*i + 3*x + 28, -3*i = i - 4*x - 48. Let a(d) = -d + 3*d - 4 - i + 11. What is a(5)?
9
Let n(u) = -10*u**2 - 2*u - 1. Suppose 0 = -5*z + 4*z - 6. Let o be (2/z)/(11/33). Give n(o).
-9
Suppose -2*q - 2*q + 744 = 0. Let v be (20/6 - 0)*q/(-155). Let x(w) = w**2 + 6*w + 3. Calculate x(v).
-5
Let i(o) be the first derivative of 7/2*o**2 + 1/4*o**4 - 7*o + 23 - 2*o**3. Calculate i(5).
3
Let u(m) be the second derivative of 17*m - 1/4*m**4 + 0*m**2 + 0 - 1/2*m**3 + 1/20*m**5. Give u(4).
4
Let a(t) be the second derivative of -t**4/12 + 2*t**3/3 - 5*t**2/2 - 2*t + 26. Give a(4).
-5
Suppose -10 = 30*f - 35*f. Let w(r) = 0*r**2 - f*r**2 + 0*r**2 + r**2 - 7*r**3. What is w(1)?
-8
Let o(s) = -s**3 - s**2 + 5*s - 2. Let w be ((-9)/(-6))/(8/((-64)/(-6))). Determine o(w).
-4
Let u(x) be the second derivative of x**4/12 - 13*x**3/6 + 17*x**2/2 + x - 1. Calculate u(12).
5
Let i(z) = 6*z**3 - 1. Let g be i(1). Let t = 32 - 23. Suppose g*f + t = 2*a, 3*f = 2*a - f - 6. Let o(s) = -s**2 - s + 2. Give o(a).
-4
Let q(w) = -8*w + 39. Let m be q(11). Let f = m + 52. Let k(d) = d**2 - 5*d + 3. Give k(f).
-3
Let x(q) be the first derivative of -5 + 1/120*q**5 + 0*q**2 + 0*q**4 + 0*q + 4/3*q**3. Let n(t) be the third derivative of x(t). What is n(1)?
1
Let q(p) = p + p**2 + 1 + 20894*p**3 + 20899*p**3 - 41792*p**3. Suppose 8 = -3*k - k. Calculate q(k).
-5
Let n(d) be the first derivative of d**4/4 - d**3/3 - 14. Let b(w) = -3*w**3 + 9*w**2 - 4. Let m(r) = b(r) + 4*n(r). Calculate m(-5).
-4
Let w(m) = m**2 + 6*m - 2. Suppose -31 = 3*t - u, -2*t + 3*t + 6 = -4*u. Let a = t - -10. Suppose -x = f + 7 - a, 8 = -4*x. Give w(f).
-7
Let u be (-2*3)/((-20)/(-16) + -2). Let f(g) = g**3 - 9*g**2 + 7*g - 1. Determine f(u).
-9
Let m(b) = b**2 + b - 1. Let a(t) = t**3 - 13*t + 12. Let w(n) = -a(n) - 6*m(n). Determine w(-7).
-6
Suppose -f - 3 = 4*n, -n + 0*n = -f + 7. Let y be 7/28*(n - 2). Let z(o) = 16*o**2 + 2*o + 1. Give z(y).
15
Let w(s) = -s**3 - 6*s**2 - 6*s + 24. Let y(h) = -2*h**3 - 13*h**2 - 13*h + 52. Let d(q) = -13*w(q) + 6*y(q). What is d(-2)?
-8
Let t(b) = -b**3 - 11*b**2 - 9*b + 11. Let a be t(-10). Let f(z) = a - 2*z - 3*z + 3*z + z. What is f(4)?
-3
Let n(w) = 2*w**2 - w + 2. Let c(l) = -3*l**2 + l - 1. Let m(p) = 3*c(p) + 4*n(p). Let d(a) = 2*a. Let i be d(-1). Let s be (1/i)/(12/96). Calculate m(s).
-7
Let t = 189 - 191. Let d(a) = -3*a**2 - a + 2. Determine d(t).
-8
Let w(g) be the second derivative of g**4/12 + 2*g**3/3 + g**2/2 - 3*g. Let v(z) = z**2 - 3*z - 5. Let q be v(3). Calculate w(q).
6
Let i(q) = q**3 - 10*q**2 + 11*q - 6. Let w(j) = 12*j - 39. Let o be w(4). What is i(o)?
12
Let y(v) = -v**2 - 3*v + 18. Let p be y(-6). Let c(f) = 3*f - 4 + 2*f**2 + 4*f - 5*f + p*f. Suppose -4*g - 15 = g. What is c(g)?
8
Let x be (-4 - (-18)/12)*2. Suppose -3*m + 5*m = -l + 12, 5*m = 5*l + 15. Let s(k) = l*k + k - 2*k. What is s(x)?
-5
Let t(y) = 7*y**2 - 13*y + 1. Let k(w) = 2*w**2 - 4*w. Let x(b) = -3*k(b) + t(b). Determine x(2).
3
Let n = -11 - -16. Let c(s) = -s**3 + 6*s**2 - 5*s + 5. Let z be c(n). Let f(u) be the third derivative of -u**4/12 + u**3 + 2*u**2. Determine f(z).
-4
Let t = -1597 - -1603. Let q(h) = -2*h + 16. Give q(t).
4
Let x(y) = -y**3 + 4*y**2 - 3*y + 3. Let d be x(2). Let g be (-7 - (-15)/1) + -5. Let l(a) = -a - a + d - g*a + 4*a. Calculate l(4).
1
Let y be ((-12)/5)/((-14)/35). Let i(d) = -3*d + 9 - d + 8*d + 32 - 49. Calculate i(y).
16
Let b(s) = -s - 6*s**2 - 83 + 4*s - 5*s + 89 + s**3. Suppose -4*z = -2*x - x - 24, 5*z - 15 = 0. Let y be (9/x)/((-21)/56). Calculate b(y).
-6
Let s(g) = -53 - 11*g - g**3 + 127 - 12*g**2 - 78. What is s(-11)?
-4
Let x(g) = g**3 + 3*g**2 - 2*g. Let f(d) = -d + 1. Let i(n) = -n**3 + 7*n**2 - 7. Let u be i(7). Let v = u + 11. Let m be f(v). Calculate x(m).
6
Let v(s) be the first derivative of s**3/3 + s**2 + 2*s - 5. Let f be v(-1). Let h(u) = 2*u**2 - 1 + 0*u**2 - f + 3. Calculate h(-1).
3
Let s(q) = 4*q**2 + 14*q + 7. Let l(c) = -c**3. Let h(a) = l(a) + s(a). Determine h(7).
-42
Let i(l) = l**3 + 5*l**2 + 2*l - 2. Suppose 52 = 2*w + 2*w. Let k = 0 + w. Let m = 11 - k. What is i(m)?
6
Let w(a) = 7*a - 2. Let z = -2523 - -2524. What is w(z)?
5
Suppose f - 2 = 0, 4*p + 3*f - 34 = -0*f. Let w(v) = -4*v + v + 8*v - p*v + v**2 + 2. Calculate w(5).
17
Let c(v) = 3*v**2 - v - 12. Let b(z) = 5*z**2 - z - 22. Let g(l) = 4*b(l) - 7*c(l). Calculate g(7).
-32
Let q(k) be the first derivative of -k**3/3 + 7*k**2 - 12*k + 791. What is q(12)?
12
Let l = -502 - -510. Let f(i) = -i**3 + 10*i**2 - 10*i + 8. Give f(l).
56
Let m(j) = -3*j**3 - 3*j**2 + 8*j + 4. Let q(s) = -7*s**3 - 7*s**2 + 19*s + 9. Let v(d) = 5*m(d) - 2*q(d). Give v(-2).
2
Let z(i) = -3*i + 42. Let j be z(14). Suppose 0 = -2*s - 4*g + 16, -4 = -4*s - 0*s - g. Let a = s - j. Let y(h) = h - 2. Determine y(a).
-2
Let b be (-1 - 185/3)*(10 - 13). Let v(o) = -o**2 - b + 182 + 4*o - o - 2*o. What is v(0)?
-6
Let i(q) = q**2 + 3*q - 2. Let s be 1 - (2 + -9*(-6)/18). Give i(s).
2
Let n = 309 + -315. Let j(r) = -r**3 - 3*r**2 + 2*r - 5. Let m be j(-4). Let t(o) = -m + 2 - 1 + 7*o + o**2. Calculate t(n).
-8
Suppose 5*i + l = 5*l + 72, -10 = -5*l. Suppose i*o - 12*o = 8. Let f(t) = -t**2 - 2. Give f(o).
-6
Let m(t) = t**2 - 4*t - 7. Let s = 18 - -22. Suppose 5*r = r + s. Suppose -15 = -5*x + r. Give m(x).
-2
Let w(j) be the third derivative of -j**7/140 - j**5/60 - j**4/24 + 4*j**3/3 - 5*j**2. Let r(d) be the first derivative of w(d). Determine r(-1).
7
Let x(u) = u**3 - 6*u**2 - 9*u + 10. Suppose 20 + 19 = 3*t. Let p = 23 - 3. Let g = p - t. Calculate x(g).
-4
Let s(y) be the third derivative of -y**5/60 + y**4/3 - 5*y**3/3 + 13*y**2. Let c be s(5). Let z(p) = -p + 4. What is z(c)?
-1
Let s(f) = -19*f**3 + 32*f**2 + 4*f - 4. Let a(x) = -7*x**3 + 11*x**2 + x - 1. Let t(m) = 11*a(m) - 4*s(m). Let z be (-3 + 2)*1*6. What is t(z)?
-1
Let i(l) = 66*l - 30*l - 35*l - 1 - 21. Calculate i(22).
0
Let k(b) be the third derivative of -b**5/60 + b**4/24 - b**3/6 + 132*b**2. Let l = -38 + 39. What is k(l)?
-1
Let t(r) = r**2 - 2*r + 1. Let m(x) = -5*x**2 + 17*x - 10. Let g(c) = -m(c) - 6*t(c). Give g(-4).
8
Let g = 3293 + -3292. Let b(q) = -13*q - 7. Let o(j) = j + 1. Let x(s) = -b(s) - 6*o(s). What is x(g)?
8
Let q(y) = y**3 - 8*y**2 + 5*y - 2. Let u be q(5). Let j = u - -47. Let t(d) = d**3 + 6*d**2 + 5*d + 6. Give t(j).
6
Let h(u) = u**2 + 3*u - 2. Let m(w) = -w**3 + 10*w**2 + 10*w + 8. Suppose 0 = 2*y - 2*k - 18, 4 = k + 2. Let g be m(y). Give h(g).
-2
Let s be 765/30*(-3)/((-6)/4). Let x = -55 + s. Let i(q) = 2*q + 0*q - 3*q - 6. Determine i(x).
-2
Let p be (-1)/(((-10)/(-15))/(2/(-3))). Let z(x) = -x + 4 - x - p + 2. Give z(4).
-3
Suppose 0 = 5*y - 7 + 17, -3*a = -2*y + 20. Let x(m) be the first derivative of m**2/2 + 2*m - 1. What is x(a)?
-6
Let s(h) = -h**2 - 16. Let d be (0/1)/((-10)/(-8 - 2)). Determine s(d).
-16
Let a = -13 - 4. Let n = a - -14. Let s(g) be the first derivative of -g**3/3 - g**2/2 - 3. What is s(n)?
-6
Let n(g) = 7*g**2 - 15*g + 8. Let l(y) = -13*y**2 + 28*y - 15. Let u(x) = -6*l(x) - 11*n(x). Let a be 9/(-9) + 6/2. Give u(a).
0
Let f(z) = 3*z - 1. Let l = -39 - -36. Let k be l/(3 + (-8)/4). Let g be 4 - (k + 2)*-2. Calculate f(g).
5
Let x be ((-2)/4)/((-2)/32). Let n(u) be the second derivative of -u**3/2 + 6*u**2 + 4*u + 104. Give n(x).
-12
Let v(n) = 15*n + 3. Let x(i) = 2*i + 1. Let f(s) = -v(s) + 4*x(s). Suppose -2 = 2*r - 0. What is f(r)?
8
Let a(y) = 4*y**2. Let j(d) be the first derivative of -3*d**2/2 - d + 15. Let s be j(-1). Calculate a(s).
16
Suppose 0 = -2*h - 0*v + 3*v + 285, 5*h - 775 = -5*v. Let u(j) = 152*j - 3 + 2 - h*j. Determine u(1).
1
Let o(f) = -f**3 + f**2 - f - 1. Suppose -28 = 4*v + 4*l, -3*v = -3*l + 23 +